tors of 76814807.
31, 109, 127, 179
List the prime factors of 36770070.
2, 3, 5, 337, 3637
List the prime factors of 3863549130.
2, 3, 5, 7, 18397853
List the prime factors of 235728900.
2, 3, 5, 11, 7937
List the prime factors of 142880060.
2, 5, 409, 17467
List the prime factors of 128856578.
2, 131, 491819
What are the prime factors of 28115429?
28115429
List the prime factors of 20686140.
2, 3, 5, 41, 2803
What are the prime factors of 449463648?
2, 3, 41, 114193
List the prime factors of 57008880.
2, 3, 5, 26393
List the prime factors of 84710091.
3, 2459, 11483
What are the prime factors of 2054430590?
2, 5, 61, 3367919
What are the prime factors of 157935361?
157935361
List the prime factors of 223275661.
7, 31896523
List the prime factors of 2279590.
2, 5, 257, 887
List the prime factors of 459874753.
13, 317, 111593
What are the prime factors of 301919189?
11, 13, 739, 2857
What are the prime factors of 4061764899?
3, 17, 263, 33647
List the prime factors of 684207465.
3, 5, 73, 624847
List the prime factors of 69922597.
69922597
List the prime factors of 131334586.
2, 61, 1076513
What are the prime factors of 242328659?
17, 14254627
List the prime factors of 732956547.
3, 17, 257, 55921
List the prime factors of 13295325.
3, 5, 269, 659
List the prime factors of 1746953633.
31, 1997, 28219
List the prime factors of 788350986.
2, 3, 5347, 8191
List the prime factors of 3417632731.
3417632731
What are the prime factors of 1743773157?
3, 7, 31, 297623
List the prime factors of 43516047.
3, 41, 8629
List the prime factors of 983966663.
127, 2647, 2927
What are the prime factors of 292618255?
5, 173, 338287
What are the prime factors of 870807715?
5, 19, 23, 398539
List the prime factors of 22420234.
2, 11210117
List the prime factors of 9571650.
2, 3, 5, 11, 5801
List the prime factors of 166899253.
227, 735239
What are the prime factors of 925537989?
3, 308512663
What are the prime factors of 275640979?
59, 853, 5477
What are the prime factors of 222714040?
2, 5, 1361, 4091
List the prime factors of 1347257930.
2, 5, 29, 941, 4937
List the prime factors of 218955065.
5, 7, 6255859
List the prime factors of 1783023176.
2, 11, 107, 189361
List the prime factors of 249693148.
2, 62423287
List the prime factors of 50624538.
2, 3, 17, 149, 3331
List the prime factors of 214110138.
2, 3, 11, 17, 190829
List the prime factors of 4877072923.
31, 47, 127, 26357
List the prime factors of 54698549.
19, 757, 3803
List the prime factors of 50527317.
3, 449, 37511
What are the prime factors of 271107815?
5, 11, 4929233
List the prime factors of 3484953192.
2, 3, 7, 23, 107, 8429
What are the prime factors of 20431682?
2, 23, 444167
What are the prime factors of 3466488570?
2, 3, 5, 113, 241, 4243
What are the prime factors of 332908368?
2, 3, 13, 41039
What are the prime factors of 143717090?
2, 5, 11, 1306519
What are the prime factors of 50573189?
50573189
List the prime factors of 130752889.
19, 6881731
List the prime factors of 283112375.
5, 7, 13, 24889
What are the prime factors of 1374273856?
2, 21473029
List the prime factors of 31654481.
31654481
List the prime factors of 52465264.
2, 17, 192887
What are the prime factors of 290940484?
2, 4231, 17191
List the prime factors of 36886645.
5, 107, 68947
What are the prime factors of 230924046?
2, 3, 1861, 20681
What are the prime factors of 30843426?
2, 3, 131, 39241
List the prime factors of 4921599482.
2, 44741, 55001
What are the prime factors of 3664770552?
2, 3, 239, 212969
What are the prime factors of 101525073?
3, 13, 1283, 2029
What are the prime factors of 760587100?
2, 5, 7, 13, 19, 53, 83
List the prime factors of 2934844716.
2, 3, 3863, 63311
What are the prime factors of 643083221?
11, 58462111
What are the prime factors of 1271652932?
2, 11, 43, 397, 1693
List the prime factors of 66525784.
2, 13, 639671
List the prime factors of 46312805.
5, 7, 11, 120293
List the prime factors of 5085183.
3, 1695061
What are the prime factors of 48344179?
13, 3718783
What are the prime factors of 559612293?
3, 7561, 24671
List the prime factors of 21192097.
673, 31489
List the prime factors of 2312539072.
2, 37, 41, 23819
List the prime factors of 1533801524.
2, 19, 59, 342061
What are the prime factors of 3557301695?
5, 19, 193, 194017
What are the prime factors of 14578513?
317, 45989
What are the prime factors of 63409781?
23, 149, 18503
What are the prime factors of 775907020?
2, 5, 7, 37, 47, 3187
What are the prime factors of 5326705905?
3, 5, 53, 137, 48907
List the prime factors of 301109327.
301109327
List the prime factors of 1656443355.
3, 5, 7, 641, 24611
List the prime factors of 359911472.
2, 22494467
List the prime factors of 39291940.
2, 5, 41, 47917
List the prime factors of 762365036.
2, 190591259
What are the prime factors of 24453851?
3187, 7673
What are the prime factors of 238904162?
2, 7, 17, 137, 431
List the prime factors of 17722585.
5, 17, 208501
List the prime factors of 7900651401.
3, 769, 3424643
What are the prime factors of 165055418?
2, 11, 107, 70117
What are the prime factors of 1357072220?
2, 5, 7, 23, 401, 1051
List the prime factors of 199326848.
2, 7, 269, 827
What are the prime factors of 191277128?
2, 7, 349, 9787
What are the prime factors of 18255860?
2, 5, 7, 130399
What are the prime factors of 39535448?
2, 4941931
What are the prime factors of 160211350?
2, 5, 13, 103, 2393
What are the prime factors of 18844319?
13, 1449563
What are the prime factors of 89516585?
5, 61, 127, 2311
What are the prime factors of 373422344?
2, 1723, 27091
What are the prime factors of 14982452?
2, 3745613
What are the prime factors of 338650054?
2, 12433, 13619
List the prime factors of 22956325.
5, 7, 233, 563
List the prime factors of 42332694.
2, 3, 7055449
List the prime factors of 39408479.
11, 71, 50459
List the prime factors of 1350334494.
2, 3, 659, 113837
List the prime factors of 464690977.
6917, 67181
What are the prime factors of 67878604?
2, 61, 278191
What are the prime factors of 370646697?
3, 139, 239, 3719
List the prime factors of 25934869.
23, 1127603
List the prime factors of 400847629.
7, 13, 223, 19753
List the prime factors of 124743235.
5, 251, 99397
List the prime factors of 28242449.
28242449
List the prime factors of 132843025.
5, 7, 759103
What are the prime factors of 1464322989?
3, 19, 37, 43, 67, 241
List the prime factors of 437326815.
3, 5, 29, 1005349
What are the prime factors of 374846963?
37, 10130999
List the prime factors of 31689206.
2, 719, 22037
List the prime factors of 43575868.
2, 7, 401, 3881
What are the prime factors of 65774642?
2, 601, 54721
What are the prime factors of 762303010?
2, 5, 7, 59, 184577
List the prime factors of 5161069.
163, 31663
What are the prime factors of 441697847?
441697847
List the prime factors of 527656409.
7, 23, 191, 17159
List the prime factors of 440846914.
2, 220423457
List the prime factors of 488545251.
3, 127, 487, 2633
List the prime factors of 536582093.
536582093
What are the prime factors of 1670534992?
2, 7, 14915491
List the prime factors of 34292586.
2, 3, 23, 43, 5779
What are the prime factors of 6649487?
13, 19, 26921
List the prime factors of 1355395635.
3, 5, 11, 17, 23, 47, 149
List the prime factors of 45851461.
47, 467, 2089
List the prime factors of 7571684.
2, 1892921
What are the prime factors of 4040331?
3, 19, 73, 971
List the prime factors of 210692362.
2, 211, 239, 2089
What are the prime factors of 293929933?
11, 367, 6619
What are the prime factors of 450412018?
2, 7, 59, 77899
List the prime factors of 121940484.
2, 3, 31, 327797
List the prime factors of 34344663.
3, 131, 281, 311
List the prime factors of 4162642593.
3, 17, 81620443
List the prime factors of 435232506.
2, 3, 19, 3817829
List the prime factors of 1812359326.
2, 41, 1559, 14177
What are the prime factors of 32195801?
11, 266081
What are the prime factors of 3838435844?
2, 479, 2003359
What are the prime factors of 44153183?
44153183
List the prime factors of 1663781441.
7, 237683063
What are the prime factors of 699502135?
5, 31, 137, 32941
What are the prime factors of 3514424085?
3, 5, 26032771
List the prime factors of 89578494.
2, 3, 317, 5233
What are the prime factors of 384783183?
3, 